{"id":4199,"date":"2019-12-17T14:01:46","date_gmt":"2019-12-17T13:01:46","guid":{"rendered":"https:\/\/sainte-radegondehautegoulaine.fr\/?page_id=4199"},"modified":"2019-12-17T14:01:46","modified_gmt":"2019-12-17T13:01:46","slug":"informations-decembre-2019","status":"publish","type":"page","link":"https:\/\/sainte-radegondehautegoulaine.fr\/?page_id=4199","title":{"rendered":"INFORMATIONS DECEMBRE 2019"},"content":{"rendered":"<p><em><strong><span style=\"color: #ff0000;\">Toute l\u2019\u00e9quipe p\u00e9dagogique vous souhaite de tr\u00e8s belles f\u00eates de fin d\u2019ann\u00e9e. <\/span><\/strong><\/em><br \/>\n<em><strong><span style=\"color: #ff0000;\">Profitez de vos proches et reposez vous bien.<\/span><\/strong><\/em><\/p>\n<p>Quelques informations pour f\u00eater cette fin d\u2019ann\u00e9e 2019.<\/p>\n<p>&#8211; Le projet solidaire pour le B\u00e9nin et particuli\u00e8rement les \u00e9l\u00e8ves de l\u2019\u00e9cole d\u2019Albarica, permet de donner \u00e0 l\u2019association Doresol 1837.20\u20ac et de nombreux jouets.<\/p>\n<p>Chantal, Mich\u00e8le, le P\u00e8re Aubin se verront remettre cette somme, en pr\u00e9sence de tous les \u00e9l\u00e8ves jeudi matin. Ils vous remercient vivement de votre soutien et de votre g\u00e9n\u00e9rosit\u00e9.<br \/>\n&#8211; La recette de la benne \u00e0 papiers au mois de novembre a permis de r\u00e9colter 51.18\u20ac<br \/>\n&#8211; Le portail administratif de la mairie pour les inscriptions \u00e0 la cantine est ouvert \u00e0 partir du 18\/12\/19. Il sera effectif d\u00e8s le 6\/01\/20.<br \/>\n&#8211; Rappel : il n\u2019y a pas classe vendredi 20\/12\/19<\/p>\n","protected":false},"excerpt":{"rendered":"<p>Toute l\u2019\u00e9quipe p\u00e9dagogique vous souhaite de tr\u00e8s belles f\u00eates de fin d\u2019ann\u00e9e. Profitez de vos proches et reposez vous bien. Quelques informations pour f\u00eater cette fin d\u2019ann\u00e9e 2019. &#8211; Le projet solidaire pour le B\u00e9nin et particuli\u00e8rement les \u00e9l\u00e8ves de l\u2019\u00e9cole d\u2019Albarica, permet de donner \u00e0 l\u2019association Doresol 1837.20\u20ac et de nombreux jouets. Chantal, Mich\u00e8le,<\/p>\n<p><a href=\"https:\/\/sainte-radegondehautegoulaine.fr\/?page_id=4199\" class=\"more-link themebutton\">Lire la suite<\/a><\/p>\n","protected":false},"author":2,"featured_media":0,"parent":2,"menu_order":0,"comment_status":"closed","ping_status":"closed","template":"","meta":{"ngg_post_thumbnail":0,"footnotes":""},"_links":{"self":[{"href":"https:\/\/sainte-radegondehautegoulaine.fr\/index.php?rest_route=\/wp\/v2\/pages\/4199"}],"collection":[{"href":"https:\/\/sainte-radegondehautegoulaine.fr\/index.php?rest_route=\/wp\/v2\/pages"}],"about":[{"href":"https:\/\/sainte-radegondehautegoulaine.fr\/index.php?rest_route=\/wp\/v2\/types\/page"}],"author":[{"embeddable":true,"href":"https:\/\/sainte-radegondehautegoulaine.fr\/index.php?rest_route=\/wp\/v2\/users\/2"}],"replies":[{"embeddable":true,"href":"https:\/\/sainte-radegondehautegoulaine.fr\/index.php?rest_route=%2Fwp%2Fv2%2Fcomments&post=4199"}],"version-history":[{"count":1,"href":"https:\/\/sainte-radegondehautegoulaine.fr\/index.php?rest_route=\/wp\/v2\/pages\/4199\/revisions"}],"predecessor-version":[{"id":4200,"href":"https:\/\/sainte-radegondehautegoulaine.fr\/index.php?rest_route=\/wp\/v2\/pages\/4199\/revisions\/4200"}],"up":[{"embeddable":true,"href":"https:\/\/sainte-radegondehautegoulaine.fr\/index.php?rest_route=\/wp\/v2\/pages\/2"}],"wp:attachment":[{"href":"https:\/\/sainte-radegondehautegoulaine.fr\/index.php?rest_route=%2Fwp%2Fv2%2Fmedia&parent=4199"}],"curies":[{"name":"wp","href":"https:\/\/api.w.org\/{rel}","templated":true}]}}