{"id":7556,"date":"2025-06-13T08:45:33","date_gmt":"2025-06-13T07:45:33","guid":{"rendered":"https:\/\/sainte-radegondehautegoulaine.fr\/?page_id=7556"},"modified":"2025-07-03T10:24:02","modified_gmt":"2025-07-03T09:24:02","slug":"listes-de-fournitures-septembre-2025-et-circulaire-de-rentree","status":"publish","type":"page","link":"https:\/\/sainte-radegondehautegoulaine.fr\/?page_id=7556","title":{"rendered":"circulaire de rentr\u00e9e septembre 2025"},"content":{"rendered":"<p><strong>RENTREE SCOLAIRE \u2013 2025\/2026<\/strong>&nbsp; &nbsp; &nbsp; &nbsp; &nbsp; &nbsp; &nbsp; &nbsp; &nbsp; &nbsp; &nbsp; &nbsp; &nbsp; &nbsp; &nbsp; &nbsp; &nbsp; &nbsp; &nbsp; &nbsp; &nbsp; &nbsp; &nbsp; &nbsp; &nbsp; &nbsp; &nbsp; &nbsp; &nbsp; &nbsp; &nbsp; &nbsp; &nbsp; &nbsp; &nbsp; &nbsp; &nbsp; &nbsp; &nbsp; &nbsp; &nbsp; &nbsp; &nbsp; &nbsp; &nbsp; &nbsp; &nbsp; &nbsp; &nbsp; &nbsp; &nbsp; &nbsp; &nbsp; &nbsp; &nbsp; &nbsp; &nbsp; &nbsp; &nbsp; &nbsp; &nbsp; &nbsp; &nbsp; &nbsp; &nbsp; &nbsp; &nbsp; &nbsp; &nbsp; &nbsp; &nbsp; &nbsp; &nbsp; &nbsp; &nbsp; &nbsp; &nbsp; &nbsp; &nbsp; &nbsp; &nbsp; &nbsp; &nbsp; &nbsp; &nbsp; &nbsp; &nbsp; &nbsp; &nbsp; &nbsp; &nbsp; &nbsp; &nbsp; &nbsp; &nbsp; &nbsp; &nbsp; &nbsp; &nbsp; &nbsp; &nbsp; &nbsp; &nbsp; &nbsp; &nbsp; &nbsp;<\/p>\n<h3>I.&nbsp;&nbsp;&nbsp;&nbsp; les dates&nbsp;de rentr\u00e9e<\/h3>\n<h3><u>Rentr\u00e9e<\/u><\/h3>\n<h3>LUNDI 1er SEPTEMBRE 2025&nbsp;&nbsp;<\/h3>\n<h3>8h50 POUR TOUTES LES CLASSES<\/h3>\n<p>Rentr\u00e9e sur le lundi 1er\/09 et le mardi 2\/09 pour les Petites Sections<\/p>\n<p>Les \u00e9l\u00e8ves pourront rejoindre leur classe \u00e0 partir de 8h40.<\/p>\n<p><strong><u>REGLEMENT INTERIEUR DE L&#8217;ECOLE<\/u><\/strong><\/p>\n<p>Vous trouverez le r\u00e8glement int\u00e9rieur de l&#8217;\u00e9cole sur le site internet de l\u2019\u00e9cole. Il est \u00e0 lire attentivement. Votre enfant doit en avoir connaissance \u00e9galement (cycles II et III). Un accus\u00e9 de r\u00e9ception vous sera transmis dans l&nbsp;\u00ab&nbsp;enveloppe de rentr\u00e9e&nbsp;\u00bb, il devra \u00eatre sign\u00e9 et montrera que vous en avez pris connaissance.<\/p>\n<p><strong><u>Contrat de scolarisation<\/u><\/strong><\/p>\n<p>Vous trouverez le contrat de scolarisation dans l\u2019enveloppe de rentr\u00e9e. Il est \u00e0 lire attentivement et \u00e0 signer.<\/p>\n<p>Cet exemplaire sera conserv\u00e9 \u00e0 l\u2019\u00e9cole<\/p>\n<p><strong><u>Stationnement<\/u><\/strong><\/p>\n<p><strong>Des places signal\u00e9es \u00ab&nbsp;D\u00e9pose minute&nbsp;\u00bb<\/strong> sont disponibles sur la rue des Forges (en face du portail vert) et rue des \u00e9coles. Le conducteur doit \u00eatre \u00e0 proximit\u00e9 imm\u00e9diate du v\u00e9hicule. <strong>Il est interdit de quitter son v\u00e9hicule sous risque de verbalisation<\/strong>.<\/p>\n<p>Nous vous rappelons <strong>qu\u2019un parking de 70 places<\/strong> est disponible aux Platanes (en face du magasin U express).<\/p>\n<h3>II.&nbsp;&nbsp;&nbsp; INFORMATIONS Ecole<\/h3>\n<p><strong><u>HORAIRES SCOLAIRES<\/u><\/strong><\/p>\n<p>Les lundis, mardis, jeudis et vendredis&nbsp;:<\/p>\n<p>Matin&nbsp;&nbsp;&nbsp;&nbsp;&nbsp;&nbsp;&nbsp;&nbsp;&nbsp;&nbsp;&nbsp;&nbsp;&nbsp; :&nbsp;&nbsp;&nbsp; de 8h50 \u00e0 12h<\/p>\n<p>Apr\u00e8s midi&nbsp;&nbsp;&nbsp;&nbsp;&nbsp; :&nbsp;&nbsp;&nbsp; de 13h30 \u00e0 16h30<\/p>\n<p>Dans le cadre du plan vigipirate, et pour la s\u00e9curit\u00e9 de vos enfants, nous vous remercions de respecter les horaires<\/p>\n<p>de fermeture des portails, soit 8h50 le matin et 13h30 le midi.<\/p>\n<p><strong><u>calendrier des vacances Scolaires<\/u><\/strong><\/p>\n<ul>\n<li><strong>TOUSSAINT<\/strong> : du VENDREDI 18 octobre au soir au DIMANCHE 3 novembre<\/li>\n<li><strong>NOEL<\/strong> : du VENDREDI 20 d\u00e9cembre au soir au DIMANCHE 5 janvier<\/li>\n<li><strong>HIVER<\/strong> : du VENDREDI 14 f\u00e9vrier au soir au lundi 2 mars<\/li>\n<li><strong>PRINTEMPS<\/strong> : du VENDREDI 11 avril au soir au lundi 27 avril<\/li>\n<li><strong>Pont de l\u2019Ascension&nbsp;<\/strong>: du Mardi 12 mai au lundi 18 mai<\/li>\n<li><strong>ETE<\/strong> : \u00e0 partir du <strong>VENDREDI 3 JUILLET<\/strong> au soir apr\u00e8s la classe<\/li>\n<\/ul>\n<p>&nbsp;<\/p>\n<p><strong><u>ACCUEIL PERISCOLAIRE<\/u><\/strong><\/p>\n<p><strong><u>Horaires<\/u><\/strong><\/p>\n<p>Matin&nbsp;&nbsp;&nbsp;&nbsp;&nbsp;&nbsp;&nbsp;&nbsp;&nbsp;&nbsp;&nbsp;&nbsp;&nbsp; :&nbsp;&nbsp;&nbsp; de 07h30 \u00e0 08h40&nbsp;<\/p>\n<p>Apr\u00e8s midi&nbsp;&nbsp;&nbsp;&nbsp;&nbsp; :&nbsp;&nbsp;&nbsp; de 16h40 \u00e0 18h45<\/p>\n<p>L\u2019acc\u00e8s aux deux garderies se fait uniquement par l\u2019entr\u00e9e principale, rue des Ecoles.<\/p>\n<p>Le matin, tous les enfants sont accueillis dans la salle de garderie (b\u00e2timent de gauche).<\/p>\n<p>Pour les enfants de maternelle&nbsp;: accueil jusqu\u2019\u00e0 8h15 dans la garderie et \u00e0 partir de 8h15 dans la salle de motricit\u00e9.<\/p>\n<p>Le soir, la r\u00e9partition se fait sur 2 p\u00f4les&nbsp;:<\/p>\n<ul>\n<li><strong>Enfants des classes maternelles<\/strong><\/li>\n<\/ul>\n<p>La garderie a lieu dans la salle de motricit\u00e9 jusqu\u2019\u00e0 17h45.<\/p>\n<p>De 17h45 \u00e0 18h45, les petits rejoindront les plus grands dans la garderie.<\/p>\n<ul>\n<li><strong>Enfants des classes de CP, CE1, CE2, CM1 et CM2<\/strong><\/li>\n<\/ul>\n<p><strong>Horaires : 16h45 \u00e0 17h30<\/strong><\/p>\n<p>3 groupes&nbsp;:<\/p>\n<p><strong>Groupe 1&nbsp;:<\/strong> CP dans la garderie<\/p>\n<p><strong>Groupe 2&nbsp;:<\/strong> CE1et CE2 dans la salle de restauration<\/p>\n<p><strong>Groupe 3&nbsp;:<\/strong> CM1 et CM2 dans la salle de restauration<\/p>\n<p>Apr\u00e8s 17h30, les enfants qui resteront, rejoindront la garderie.<\/p>\n<p>Le temps d&#8217;\u00e9tude est un temps privil\u00e9gi\u00e9 qui r\u00e9pond aux r\u00e8gles de l&#8217;\u00e9cole. Toute attitude ou non-respect des r\u00e8gles sera sanctionn\u00e9 par une exclusion temporaire ou d\u00e9finitive de ce temps du p\u00e9riscolaire. Cette \u00e9tude surveill\u00e9e ne se substitue pas, bien s\u00fbr, \u00e0 la responsabilit\u00e9 des parents quant aux travaux et devoirs du soir de leurs enfants.<\/p>\n<p><strong><u>Tarifs 2025\/2026<\/u><\/strong><\/p>\n<p>La tarification est de <strong>0,85\u20ac par quart d\u2019heure<\/strong>, soit 3,40\u20ac de l&#8217;heure.<\/p>\n<p><strong>Tout quart d\u2019heure commenc\u00e9 est factur\u00e9<\/strong>.<\/p>\n<p>Nous vous rappelons que la garderie ferme \u00e0 <strong>18h45 AU PLUS TARD.<\/strong><\/p>\n<p>Tout d\u00e9passement d\u2019horaire sera factur\u00e9&nbsp;: <strong>10<\/strong><strong> \u20ac par quart d\u2019heure suppl\u00e9mentaire<\/strong>.<\/p>\n<p>Pour pr\u00e9venir d\u2019un retard \u00e9ventuel le num\u00e9ro de la garderie est le <strong>02 40 54 97 34 ou 07 85 77 43 68<\/strong><\/p>\n<p>&nbsp;<\/p>\n<p><strong><u>Restauration Scolaire<\/u><\/strong><\/p>\n<p><strong>Il y a 3 services&nbsp;:<\/strong><\/p>\n<p>&nbsp;&nbsp;&nbsp;&nbsp; 11h50&nbsp;&nbsp; :&nbsp;&nbsp;&nbsp; Cycle 1<\/p>\n<p>&nbsp;&nbsp;&nbsp;&nbsp; 12h05&nbsp;&nbsp; :&nbsp;&nbsp;&nbsp; CM<\/p>\n<p>&nbsp;&nbsp;&nbsp;&nbsp; 12h35&nbsp;&nbsp; :&nbsp;&nbsp;&nbsp; Cycle 2<\/p>\n<p><strong>Pour les enfants en classe de maternelle<\/strong>, une serviette de table est fournie \u00e0 l&#8217;enfant.<\/p>\n<p>&nbsp;<\/p>\n<p><strong>Pour les enfants de classe \u00e9l\u00e9mentaire<\/strong>, une serviette en papier est distribu\u00e9e \u00e0 chaque repas.<\/p>\n<p>La fr\u00e9quentation du restaurant scolaire implique l&#8217;acceptation des &#8220;r\u00e8gles de vie au restaurant scolaire&#8221;.<\/p>\n<p>Les repas sont pr\u00e9par\u00e9s \u00e0 la cuisine centrale de Haute Goulaine et sont ensuite livr\u00e9s en liaison chaude \u00e0 l\u2019\u00e9cole. Les menus sont disponibles sur le site de la mairie.<\/p>\n<p>&nbsp;<\/p>\n<p><strong><u>INSCRIPTION \/DESINSCRIPTION AUX REPAS&nbsp;:<\/u><\/strong><\/p>\n<p>Depuis janvier 2020, la mairie a mis en place un \u00ab&nbsp;portail famille&nbsp;\u00bb pour <strong>les inscriptions et d\u00e9sinscriptions<\/strong> au repas du midi. Les modalit\u00e9s sont sur le site de la mairie.<\/p>\n<p>Pour info, l\u2019\u00e9cole n\u2019a pas acc\u00e8s \u00e0 votre \u00ab&nbsp;portail famille&nbsp;\u00bb. <strong>Il vous appartient donc de g\u00e9rer les pr\u00e9sences et les absences de vos enfants.<\/strong><\/p>\n<p><strong><em>Attention&nbsp;! L\u2019inscription est obligatoire pour que votre enfant puisse d\u00e9jeuner<\/em><\/strong>. Tout repas pris sans r\u00e9servation sera factur\u00e9 avec une p\u00e9nalit\u00e9.<\/p>\n<p><strong>Il est possible de se d\u00e9sinscrire au plus tard le jour m\u00eame avant 8h30<\/strong>. Tout repas non annul\u00e9 dans les d\u00e9lais sera command\u00e9 et donc factur\u00e9.<\/p>\n<p>Le prix de la cantine est calcul\u00e9 en fonction de votre coefficient familial et est g\u00e9r\u00e9 par la Mairie.<\/p>\n<p>La facture de cantine est ajout\u00e9e \u00e0 la facture de scolarit\u00e9 mensuelle.<\/p>\n<p>Pour de plus amples renseignements sur le fonctionnement du service de restauration ou si vous d\u00e9sirez savoir comment votre enfant vit ce moment, Mme PETITEAU (Responsable) est \u00e0 votre disposition.<\/p>\n<p>La direction reste \u00e9galement \u00e0 votre \u00e9coute.<\/p>\n<p>&nbsp;<\/p>\n<h3>III. OGEC<\/h3>\n<p>&nbsp;<\/p>\n<p><strong>L\u2019O.G.E.C. (Organisme de Gestion des Ecoles Catholiques)<\/strong> est l\u2019association qui a en charge :<\/p>\n<ul>\n<li>L\u2019entretien des locaux, du mat\u00e9riel scolaire et p\u00e9dagogique&nbsp;;<\/li>\n<li>La gestion et organisation des services (restauration et accueil p\u00e9riscolaire)&nbsp;;<\/li>\n<li>La responsabilit\u00e9 du personnel de service (restauration, m\u00e9nage, ASEM) et des charges de fonctionnement (chauffage, eau, \u00e9lectricit\u00e9, etc.)&nbsp;;<\/li>\n<li>La construction et la r\u00e9novation des locaux&nbsp;;<\/li>\n<li>Les relations avec les organismes d\u00e9partementaux de l\u2019enseignement&nbsp;;<\/li>\n<li>L\u2019animation de la vie de l\u2019\u00e9cole en collaboration \u00e9troite avec l\u2019APEL.<\/li>\n<\/ul>\n<p>&nbsp;<\/p>\n<p><strong><u>CONTRIBUTION DES FAMILLES&nbsp;:<\/u><\/strong><\/p>\n<p>Pour r\u00e9aliser ces objectifs, l\u2019OGEC dispose de deux sources de financement&nbsp;:<\/p>\n<ul>\n<li><strong>La convention municipale<\/strong>,<\/li>\n<li>Les fonds propres provenant&nbsp;:<\/li>\n<li>Des <strong>contributions des familles<\/strong><\/li>\n<li>Des manifestations organis\u00e9es par l\u2019OGEC.<\/li>\n<\/ul>\n<p>Cette contribution qui vous est demand\u00e9e nous est <strong><u>INDISPENSABLE<\/u><\/strong> pour les d\u00e9penses ne pouvant pas \u00eatre couvertes par la convention municipale. Nous vous proposons une grille de contributions scolaires, qui a \u00e9t\u00e9 \u00e9tablie au plus juste avec le souci de ne pas trop alourdir les charges support\u00e9es par les familles. Il s\u2019agit de la r\u00e9tribution <strong><u>par enfant scolaris\u00e9 dans l&#8217;\u00e9tablissement et factur\u00e9 mensuellement<\/u><\/strong>.<\/p>\n<p>Cette grille est indicative, <strong>les familles souhaitant davantage participer \u00e0 l\u2019am\u00e9lioration du cadre de vie des enfants<\/strong> peuvent le faire en adressant un message \u00e0 la comptabilit\u00e9.<\/p>\n<table width=\"570\">\n<tbody>\n<tr>\n<td width=\"194\">1er ENFANT<\/td>\n<td width=\"189\">2\u00e8me ENFANT<\/td>\n<td width=\"187\">3\u00e8me ENFANT<\/td>\n<\/tr>\n<tr>\n<td width=\"194\"><strong>37,00 \u20ac<\/strong><\/td>\n<td width=\"189\"><strong>35,00 \u20ac<\/strong><\/td>\n<td width=\"187\"><strong>33,00 \u20ac<\/strong><\/td>\n<\/tr>\n<\/tbody>\n<\/table>\n<p>&nbsp;<\/p>\n<p>Le paiement mensuel des contributions s&#8217;\u00e9tablit suivant le mode de paiement choisi (r\u00e8glement par pr\u00e9l\u00e8vement, virement bancaire ou ch\u00e8que \u00e0 l\u2019ordre de l\u2019OGEC).<\/p>\n<p><strong>Pour le paiement par pr\u00e9l\u00e8vement, <\/strong>merci de nous retourner le mandat SEPA d\u00fbment compl\u00e9t\u00e9 avec un RIB pour les nouveaux inscrits ou changement bancaire.<\/p>\n<p>Enfin, l\u2019\u00e9cole est dans l\u2019obligation d\u2019assurer vos enfants individuellement<strong>. Une assurance est donc prise par l&#8217;OGEC pour l\u2019ensemble des enfants.<\/strong><\/p>\n<p><strong>&nbsp;<\/strong><\/p>\n<p><strong><u>MATINEES TRAVAUX&nbsp;:<\/u><\/strong><\/p>\n<p>A l\u2019\u00e9cole priv\u00e9e, chacun \u0153uvre \u00e0 son tour \u00e0 l\u2019am\u00e9lioration du lieu de vie et d\u2019apprentissage des enfants. Cela permet \u00e9galement de rencontrer les autres parents de la classe de vos enfants.<\/p>\n<p>Pour cela l\u2019OGEC organise une <strong>matin\u00e9e travaux (9h-12h) pour chaque cycle accompagn\u00e9e des enseignant.e.s <\/strong>afin de permettre \u00e0 chaque parent de participer au moins une fois dans l\u2019ann\u00e9e.<\/p>\n<p>Si vous n\u2019\u00eates pas disponibles \u00e0 la matin\u00e9e qui vous concerne, il vous est possible d\u2019en choisir une autre.<\/p>\n<p>Les dates de ces diff\u00e9rentes matin\u00e9es travaux vous seront communiqu\u00e9es au cours de l\u2019ann\u00e9e.<\/p>\n<p>&nbsp;<\/p>\n<p><strong><u>REJOINDRE L\u2019EQUIPE&nbsp;:<\/u><\/strong><\/p>\n<p>Les b\u00e9n\u00e9voles sont essentiels \u00e0 la vie d\u2019une association. Sans eux, l\u2019\u00e9cole priv\u00e9e ne peut exister.<\/p>\n<p>Que ce soit pour aider ponctuellement ou pour participer \u00e0 des projets plus importants (projet \u00e9ducatif, animation festive, communication, r\u00e9novation et transition \u00e9nerg\u00e9tique, digitalisation, etc.), il y a toujours une place pour les personnes qui ont cette envie de contribuer \u00e0 plus grand que soi et accessoirement boire des coups&nbsp;!<\/p>\n<p>Si vous \u00eates int\u00e9ress\u00e9.e.s ou que vous souhaitez simplement en apprendre davantage, venez assister \u00e0 notre 1<sup>\u00e8re<\/sup> r\u00e9union de rentr\u00e9e<strong>, <\/strong><strong>le Vendredi 26 Septembre \u00e0 19h30<\/strong><strong> dans la salle des enseignants<\/strong>. Cette r\u00e9union se poursuivra par un petit moment de convivialit\u00e9.<\/p>\n<p>Pour cela, envoyez-nous simplement un message \u00e0&nbsp;: <strong><em>ogec.sainteradegonde@gmail.com<\/em><\/strong><\/p>\n<p>&nbsp;<\/p>\n<h3>IV. APEL<\/h3>\n<p>&nbsp;<\/p>\n<p><strong>L\u2019A.P.E.L. (Association de Parents d\u2019\u00e9l\u00e8ves de l\u2019Enseignement Libre)<\/strong> est l\u2019association qui a en charge :<\/p>\n<ul>\n<li>La repr\u00e9sentation de l\u2019ensemble des familles de l\u2019\u00e9cole&nbsp;;<\/li>\n<li>Le partage d\u2019informations, en collaboration \u00e9troite avec l\u2019\u00e9tablissement et l\u2019OGEC&nbsp;;<\/li>\n<li>Les relations avec les organismes d\u00e9partementaux (APEL44)&nbsp;;<\/li>\n<li>La mise en place d\u2019actions pour favoriser une entraide mutuelle des familles de l\u2019\u00e9tablissement ;<\/li>\n<li>L\u2019am\u00e9lioration continue du cadre de vie de nos enfants, en collaboration \u00e9troite avec l\u2019OGEC.<\/li>\n<li>L\u2019animation de la vie de l\u2019\u00e9cole, en collaboration \u00e9troite avec l\u2019OGEC.<\/li>\n<\/ul>\n<p>Concr\u00e8tement, l\u2019APEL se compose actuellement de cinq commissions&nbsp;: \u00ab&nbsp;F\u00eates&nbsp;\u00bb, \u00ab&nbsp;Actions&amp;co.&nbsp;\u00bb, \u00ab&nbsp;Communication&nbsp;\u00bb, \u00ab&nbsp;Cantine&nbsp;\u00bb, \u00ab&nbsp;Vivre Ensemble&nbsp;\u00bb.<\/p>\n<p>Cette association ne peut fonctionner que gr\u00e2ce aux b\u00e9n\u00e9voles qui offrent un peu de leur temps et de leur \u00e9nergie, chacun(e) \u00e0 son \u00e9chelle, tout au long de l\u2019ann\u00e9e. Ce sont ainsi toutes les petites actions r\u00e9alis\u00e9es au quotidien qui, rassembl\u00e9es, sont sources de grands moments de convivialit\u00e9, de belles \u00e9volutions au sein de l\u2019\u00e9tablissement et de partage.<\/p>\n<p>Vous avez envie d\u2019apporter votre participation ou simplement d\u2019en savoir plus sur cette association&nbsp;?<\/p>\n<p>Alors <strong>rendez-vous le mardi 16 septembre \u00e0 20h dans la cantine<\/strong> de l\u2019\u00e9cole pour notre premi\u00e8re r\u00e9union de l\u2019ann\u00e9e scolaire&nbsp;! Vous pouvez \u00e9galement nous contacter par mail&nbsp;: apel.steradegonde44@gmail.com<\/p>\n<h3>V. Ev\u00e8nements de rentr\u00e9e<\/h3>\n<p><strong>A VOS AGENDAS&nbsp;:<\/strong><\/p>\n<ul>\n<li><strong>Caf\u00e9 de la RENTREE&nbsp;(APEL et OGEC) :<\/strong> Lundi 1er Septembre \u00e0 8h40<\/li>\n<li><strong>Soir\u00e9e des associations (APEL et&nbsp;OGEC) :<\/strong> Vendredi 12 Septembre \u00e0 19h30 (Barbecue)<\/li>\n<\/ul>\n<p>&nbsp;<\/p>\n<p>D\u2019avance, nous vous remercions tr\u00e8s sinc\u00e8rement pour votre participation.<\/p>\n<p style=\"text-align: center;\">Bonnes vacances&nbsp;et rdv le lundi 1er septembre&nbsp;!<\/p>\n<p>&nbsp;<\/p>\n<p>L\u2019\u00e9quipe \u00e9ducative<\/p>\n<p>L\u2019OGEC<\/p>\n<p>L\u2019APEL<\/p>\n<p>&nbsp;<\/p>\n<p>&nbsp;<\/p>\n<p>&nbsp;<\/p>\n<p>&nbsp;<\/p>\n<p>&nbsp;<\/p>\n<p>&nbsp;<\/p>\n<p>&nbsp;<\/p>\n<p>&nbsp;<\/p>\n<p>&nbsp;<\/p>\n<p>&nbsp;<\/p>\n","protected":false},"excerpt":{"rendered":"<p>RENTREE SCOLAIRE \u2013 2025\/2026&nbsp; &nbsp; &nbsp; &nbsp; &nbsp; &nbsp; &nbsp; &nbsp; &nbsp; &nbsp; &nbsp; &nbsp; &nbsp; &nbsp; &nbsp; &nbsp; &nbsp; &nbsp; &nbsp; &nbsp; &nbsp; &nbsp; &nbsp; &nbsp; &nbsp; &nbsp; &nbsp; &nbsp; &nbsp; &nbsp; &nbsp; &nbsp; &nbsp; &nbsp; &nbsp; &nbsp; &nbsp; &nbsp; &nbsp; &nbsp; &nbsp; &nbsp; &nbsp; &nbsp; &nbsp; &nbsp; &nbsp; &nbsp; &nbsp; &nbsp; &nbsp; &nbsp;<\/p>\n<p><a href=\"https:\/\/sainte-radegondehautegoulaine.fr\/?page_id=7556\" class=\"more-link themebutton\">Lire la suite<\/a><\/p>\n","protected":false},"author":2,"featured_media":0,"parent":0,"menu_order":0,"comment_status":"closed","ping_status":"closed","template":"","meta":{"ngg_post_thumbnail":0,"footnotes":""},"_links":{"self":[{"href":"https:\/\/sainte-radegondehautegoulaine.fr\/index.php?rest_route=\/wp\/v2\/pages\/7556"}],"collection":[{"href":"https:\/\/sainte-radegondehautegoulaine.fr\/index.php?rest_route=\/wp\/v2\/pages"}],"about":[{"href":"https:\/\/sainte-radegondehautegoulaine.fr\/index.php?rest_route=\/wp\/v2\/types\/page"}],"author":[{"embeddable":true,"href":"https:\/\/sainte-radegondehautegoulaine.fr\/index.php?rest_route=\/wp\/v2\/users\/2"}],"replies":[{"embeddable":true,"href":"https:\/\/sainte-radegondehautegoulaine.fr\/index.php?rest_route=%2Fwp%2Fv2%2Fcomments&post=7556"}],"version-history":[{"count":9,"href":"https:\/\/sainte-radegondehautegoulaine.fr\/index.php?rest_route=\/wp\/v2\/pages\/7556\/revisions"}],"predecessor-version":[{"id":7714,"href":"https:\/\/sainte-radegondehautegoulaine.fr\/index.php?rest_route=\/wp\/v2\/pages\/7556\/revisions\/7714"}],"wp:attachment":[{"href":"https:\/\/sainte-radegondehautegoulaine.fr\/index.php?rest_route=%2Fwp%2Fv2%2Fmedia&parent=7556"}],"curies":[{"name":"wp","href":"https:\/\/api.w.org\/{rel}","templated":true}]}}